{"id":865,"date":"2010-03-26T13:00:50","date_gmt":"2010-03-26T13:00:50","guid":{"rendered":"http:\/\/haugalandmuseene.no\/dbr\/?page_id=865"},"modified":"2010-09-27T11:01:59","modified_gmt":"2010-09-27T11:01:59","slug":"svanviken-arbeidskoloni","status":"publish","type":"page","link":"https:\/\/batreisende.no\/?page_id=865","title":{"rendered":"Svanviken arbeidskoloni"},"content":{"rendered":"<p style=\"text-align: justify;\">\u00a0<a rel=\"attachment wp-att-1667\" href=\"http:\/\/batreisende.no\/?attachment_id=1667\"><img loading=\"lazy\" class=\"alignnone size-large wp-image-1667\" title=\"17. mai feiring p\u00e5 Svanviken, ca. 1912\" src=\"\/wp-content\/uploads\/Image000052-590x472.jpg\" alt=\"17. mai feiring p\u00e5 Svanviken, ca. 1912\" width=\"413\" height=\"330\" srcset=\"https:\/\/batreisende.no\/wp-content\/uploads\/Image000052-590x472.jpg 590w, https:\/\/batreisende.no\/wp-content\/uploads\/Image000052-250x200.jpg 250w, https:\/\/batreisende.no\/wp-content\/uploads\/Image000052.jpg 750w\" sizes=\"(max-width: 413px) 100vw, 413px\" \/><\/a><a rel=\"attachment wp-att-1661\" href=\"http:\/\/batreisende.no\/?attachment_id=1661\"><\/a><a rel=\"attachment wp-att-1660\" href=\"http:\/\/batreisende.no\/?attachment_id=1660\"><\/a><a rel=\"attachment wp-att-1645\" href=\"http:\/\/batreisende.no\/?attachment_id=1645\"><\/a>\u00a0<\/p>\n<p style=\"text-align: justify;\">Svanviken ligger i Eide kommune i Nordm\u00f8re. Det var en arbeidskoloni for de reisende. M\u00e5let med Svanviken var \u00e5 f\u00e5 de reisende til \u00e5 glemme sin tradisjonelle levem\u00e5te og kultur, og \u00e5 l\u00e6re dem \u00e5 bli bofaste. Kvinnene skulle bli gode husm\u00f8dre, og mennene fikk oppl\u00e6ring i skog- og jordbruk for \u00e5 bli gode arbeidsfolk. P\u00e5 Svanviken l\u00e6rte de \u00e5 bli b\u00f8nder og \u00e5 innrette seg etter de bofastes kultur.<strong> <\/strong><\/p>\n<p style=\"TEXT-ALIGN: justify\"><a href=\"\/wp-content\/uploads\/svanviken-familie-flytter-19141.jpg\"><\/a>Svanviken ble \u00e5pnet 13. september 1908, og representerte noe helt nytt i Norge. Bare i Tyskland og Belgia fantes det slike arbeidskolonier. I starten m\u00e5tte de reisende familiene bo der i minst 18 m\u00e5neder. I 1929 ble denne botiden forlenget til fem \u00e5r.<\/p>\n<p style=\"text-align: justify;\"><span style=\"font-family: Arial;\"><span style=\"font-size: small;\"><a href=\"\/wp-content\/uploads\/Pa793_9403_1398.jpg.jpg\"><\/a><\/span><\/span><\/p>\n<p><span style=\"FONT-FAMILY: Arial\"><span style=\"TEXT-DECORATION: none; text-underline: none\"><a rel=\"attachment wp-att-1662\" href=\"http:\/\/batreisende.no\/?attachment_id=1662\"><\/a><\/span><\/span><a rel=\"attachment wp-att-1668\" href=\"http:\/\/batreisende.no\/?attachment_id=1668\"><img loading=\"lazy\" class=\"alignnone size-large wp-image-1668\" title=\"Poteth\u00f8sting p\u00e5 Svanviken i 1915\" src=\"\/wp-content\/uploads\/Image000061-590x472.jpg\" alt=\"Poteth\u00f8sting p\u00e5 Svanviken i 1915\" width=\"413\" height=\"330\" srcset=\"https:\/\/batreisende.no\/wp-content\/uploads\/Image000061-590x472.jpg 590w, https:\/\/batreisende.no\/wp-content\/uploads\/Image000061-250x200.jpg 250w, https:\/\/batreisende.no\/wp-content\/uploads\/Image000061.jpg 750w\" sizes=\"(max-width: 413px) 100vw, 413px\" \/><\/a>\u00a0<\/p>\n<p style=\"TEXT-ALIGN: justify\">Ryktet om Svanviken spredde seg fort blant de reisende. De fryktet stedet, og advarte hverandre\u00a0om \u00e5 bli lokket med lovnader om arbeid og\u00a0et ordentlig hjem.\u00a0Trusselen om \u00e5 bli fratatt barna var den viktigste \u00e5rsaken til at folk valgte \u00e5 bli p\u00e5 Svanviken.<\/p>\n<p style=\"TEXT-ALIGN: justify\">Mellom 1908 og 1945 bodde 85 familier med til sammen 506 personer p\u00e5 Svanviken. P\u00e5 denne tiden var Svanviken ett av landets st\u00f8rste g\u00e5rdsbruk. De reisende levde med en konstant trussel om at barna ville bli tatt fra dem hvis de ikke fulgte de strenge reglene. Det var forbudt \u00e5 snakke romani, bruke tradisjonelle kl\u00e6r, ut\u00f8ve h\u00e5ndverkstradisjoner og\u00a0f\u00e5 bes\u00f8k av slektninger.<\/p>\n<p style=\"TEXT-ALIGN: justify\"><a rel=\"attachment wp-att-1663\" href=\"http:\/\/batreisende.no\/?attachment_id=1663\"><\/a>\u00a0<a rel=\"attachment wp-att-1669\" href=\"http:\/\/batreisende.no\/?attachment_id=1669\"><img loading=\"lazy\" class=\"alignnone size-large wp-image-1669\" title=\"Familie som flytter fra Svanviken i 1914\" src=\"\/wp-content\/uploads\/Image000042-590x473.jpg\" alt=\"Familie som flytter fra Svanviken i 1914\" width=\"413\" height=\"331\" srcset=\"https:\/\/batreisende.no\/wp-content\/uploads\/Image000042-590x473.jpg 590w, https:\/\/batreisende.no\/wp-content\/uploads\/Image000042-250x200.jpg 250w, https:\/\/batreisende.no\/wp-content\/uploads\/Image000042.jpg 727w\" sizes=\"(max-width: 413px) 100vw, 413px\" \/><\/a><\/p>\n<p style=\"TEXT-ALIGN: justify\">Et intervju i avisa Dag og Tid i 1996\u00a0viser hvor strenge reglene var p\u00e5 Svanviken:<\/p>\n<p style=\"TEXT-ALIGN: justify\"><em>Alt som h\u00f8rte til v\u00e5r kultur var forbudt. Romani var forbudt. Hendene i lomma var forbudt. Bart og hatt med brem var forbudt. Vi fikk ikke ha bes\u00f8k. Alle brev ble \u00e5pnet. Annenhver s\u00f8ndag var det tvungen gudstjeneste. 17. mai var det oppm\u00f8teplikt. Vi fikk ikke lov \u00e5 g\u00e5\u00a0p\u00e5 butikken\u00a0uten lov. Om vi br\u00f8t forbudene kunne det bli husarrest. Om det gjentok seg tok de ungene.<\/em><\/p>\n<p style=\"TEXT-ALIGN: justify\">Svanviken arbeidskoloni ble nedlagt i 1989.\u00a0<\/p>\n","protected":false},"excerpt":{"rendered":"<p><img loading=\"lazy\" width=\"590\" height=\"473\" class=\"alignnone size-large wp-image-1669\" title=\"Familie som flytter fra Svanviken i 1914\" src=\"\/wp-content\/uploads\/Image000042-590x473.jpg\" alt=\"Familie som flytter fra Svanviken i 1914\" srcset=\"https:\/\/batreisende.no\/wp-content\/uploads\/Image000042-590x473.jpg 590w, https:\/\/batreisende.no\/wp-content\/uploads\/Image000042-250x200.jpg 250w, https:\/\/batreisende.no\/wp-content\/uploads\/Image000042.jpg 727w\" sizes=\"(max-width: 590px) 100vw, 590px\" \/><br \/>\nSvanviken var en arbeidskoloni for de reisende. M\u00e5let med Svanviken var \u00e5 f\u00e5 de reisende til \u00e5 glemme sin tradisjonelle levem\u00e5te og kultur, og \u00e5 l\u00e6re dem \u00e5 bli bofaste. De reisende fryktet stedet og advarte hverandre mot \u00e5 bli lokket til arbeidskolonien. <\/p>\n","protected":false},"author":7,"featured_media":0,"parent":13,"menu_order":3,"comment_status":"closed","ping_status":"open","template":"","meta":[],"_links":{"self":[{"href":"https:\/\/batreisende.no\/index.php?rest_route=\/wp\/v2\/pages\/865"}],"collection":[{"href":"https:\/\/batreisende.no\/index.php?rest_route=\/wp\/v2\/pages"}],"about":[{"href":"https:\/\/batreisende.no\/index.php?rest_route=\/wp\/v2\/types\/page"}],"author":[{"embeddable":true,"href":"https:\/\/batreisende.no\/index.php?rest_route=\/wp\/v2\/users\/7"}],"replies":[{"embeddable":true,"href":"https:\/\/batreisende.no\/index.php?rest_route=%2Fwp%2Fv2%2Fcomments&post=865"}],"version-history":[{"count":31,"href":"https:\/\/batreisende.no\/index.php?rest_route=\/wp\/v2\/pages\/865\/revisions"}],"predecessor-version":[{"id":2123,"href":"https:\/\/batreisende.no\/index.php?rest_route=\/wp\/v2\/pages\/865\/revisions\/2123"}],"up":[{"embeddable":true,"href":"https:\/\/batreisende.no\/index.php?rest_route=\/wp\/v2\/pages\/13"}],"wp:attachment":[{"href":"https:\/\/batreisende.no\/index.php?rest_route=%2Fwp%2Fv2%2Fmedia&parent=865"}],"curies":[{"name":"wp","href":"https:\/\/api.w.org\/{rel}","templated":true}]}}