{"id":843,"date":"2010-03-23T14:43:44","date_gmt":"2010-03-23T14:43:44","guid":{"rendered":"http:\/\/haugalandmuseene.no\/dbr\/?page_id=843"},"modified":"2010-06-28T12:02:32","modified_gmt":"2010-06-28T12:02:32","slug":"urfolk","status":"publish","type":"page","link":"https:\/\/batreisende.no\/?page_id=843","title":{"rendered":"Urfolk"},"content":{"rendered":"<p><strong><span style=\"text-decoration: underline;\">Urfolk<\/span><\/strong> er en folkegruppe som har v\u00e6rt bosatt\u00a0i et omr\u00e5de f\u00f8r det ble del av en selvstendig stat. Urfolk har en s\u00e6rlig tilknytning til sine landomr\u00e5der.<\/p>\n","protected":false},"excerpt":{"rendered":"<p><strong><span style=\"text-decoration: underline;\">Urfolk<\/span><\/strong> er en folkegruppe som har v\u00e6rt bosatt\u00a0i et omr\u00e5de f\u00f8r det ble del av en selvstendig stat. Urfolk har en s\u00e6rlig tilknytning til sine landomr\u00e5der.<\/p>\n","protected":false},"author":7,"featured_media":0,"parent":0,"menu_order":0,"comment_status":"closed","ping_status":"open","template":"","meta":[],"_links":{"self":[{"href":"https:\/\/batreisende.no\/index.php?rest_route=\/wp\/v2\/pages\/843"}],"collection":[{"href":"https:\/\/batreisende.no\/index.php?rest_route=\/wp\/v2\/pages"}],"about":[{"href":"https:\/\/batreisende.no\/index.php?rest_route=\/wp\/v2\/types\/page"}],"author":[{"embeddable":true,"href":"https:\/\/batreisende.no\/index.php?rest_route=\/wp\/v2\/users\/7"}],"replies":[{"embeddable":true,"href":"https:\/\/batreisende.no\/index.php?rest_route=%2Fwp%2Fv2%2Fcomments&post=843"}],"version-history":[{"count":4,"href":"https:\/\/batreisende.no\/index.php?rest_route=\/wp\/v2\/pages\/843\/revisions"}],"predecessor-version":[{"id":846,"href":"https:\/\/batreisende.no\/index.php?rest_route=\/wp\/v2\/pages\/843\/revisions\/846"}],"wp:attachment":[{"href":"https:\/\/batreisende.no\/index.php?rest_route=%2Fwp%2Fv2%2Fmedia&parent=843"}],"curies":[{"name":"wp","href":"https:\/\/api.w.org\/{rel}","templated":true}]}}