{"id":483,"date":"2010-03-12T07:57:17","date_gmt":"2010-03-12T07:57:17","guid":{"rendered":"http:\/\/haugalandmuseene.no\/dbr\/?page_id=483"},"modified":"2010-06-29T12:12:44","modified_gmt":"2010-06-29T12:12:44","slug":"nasjonale-minoriteter","status":"publish","type":"page","link":"https:\/\/batreisende.no\/?page_id=483","title":{"rendered":"Nasjonale minoriteter"},"content":{"rendered":"<p style=\"text-align: justify;\">I &laquo;Stortingsmelding nr. 15 Nasjonale minoritetar i Noreg &#8211; Om statleg politikk overfor j\u00f8dar, kvener, rom, romanifolket og skogfinnar&raquo; defineres nasjonal minoritet som f\u00f8lger:<\/p>\n<p style=\"text-align: justify;\"><em>Etnisk, religi\u00f8s og\/eller spr\u00e5klig minoritet med langvarig tilknytning til landet.<\/em><\/p>\n<p style=\"text-align: justify;\">Europar\u00e5det har i mange \u00e5r jobbet for \u00e5 bedre menneskerettsvernet til nasjonale minoriteter. I den europeiske menneskerettskonvensjonen av 1950 sl\u00e5s det fast at diskriminering p\u00e5 grunnlag av tilknytning til en nasjonal minoritet er forbudt.<\/p>\n<p style=\"text-align: justify;\">En nasjonal minoritet har bodd i landet i minst 100 \u00e5r. De nasjonale minoritetenes kulturarv er en del av den norske kulturarven. Myndighetene har derfor ansvar for \u00e5 ta vare p\u00e5 kulturarven og de kulturelle tradisjonene til minoritetene. Nasjonale minoriteter har rett til \u00e5 uttrykke, holde oppe og videreutvikle sin kultur, og de skal selv v\u00e6re med \u00e5 utforme tiltak som gjelder dem selv.<\/p>\n<p style=\"text-align: justify;\">I 1999, da Norge ratifiserte <a href=\"http:\/\/www.regjeringen.no\/nb\/dep\/fad\/tema\/nasjonale_minoriteter\/midtspalte\/europaradets-rammekonvensjon.html?id=86935\" target=\"_blank\">Europar\u00e5dets rammekonvensjon om beskyttelse av nasjonale minoriteter<\/a> fikk romanifolket status som<strong> <\/strong>nasjonal minoritet. Denne statusen fikk de ettersom de har v\u00e6rt en del av den norske befolkningen helt siden 1500-tallet, har en s\u00e6rskilt historisk bakgrunn, egne tradisjonelle ervervsm\u00e5ter (yrker) og et eget spr\u00e5k.<\/p>\n<p style=\"text-align: justify;\">I alt har vi fem nasjonale minoriteter i Norge:<\/p>\n<ul style=\"text-align: justify;\">\n<li><a href=\"\/?page_id=833\">J\u00f8der<\/a><\/li>\n<li><a href=\"\/?page_id=836\">Kvener<\/a><\/li>\n<li><a href=\"\/?page_id=841\">Rom (sig\u00f8ynere)<\/a><\/li>\n<li><a href=\"\/?page_id=1756 \">Skogfinner<\/a><\/li>\n<li>Romanifolket<\/li>\n<\/ul>\n<p style=\"text-align: justify;\"><strong>Samene<\/strong>\u00a0er et\u00a0<a href=\"\/?page_id=843\">urfolk<\/a>.<\/p>\n","protected":false},"excerpt":{"rendered":"<p style=\"text-align: justify;\">I &laquo;Stortingsmelding nr. 15 Nasjonale minoritetar i Noreg &#8211; Om statleg politikk overfor j\u00f8dar, kvener, rom, romanifolket og skogfinnar&raquo; defineres nasjonal minoritet som f\u00f8lger:<\/p>\n<p style=\"text-align: justify;\"><em>Etnisk, religi\u00f8s og\/eller spr\u00e5klig minoritet med langvarig tilknytning til landet.<\/em><\/p>\n<p style=\"text-align: justify;\">Europar\u00e5det har i mange \u00e5r jobbet for \u00e5 bedre menneskerettsvernet til nasjonale minoriteter. I den europeiske menneskerettskonvensjonen av 1950 sl\u00e5s det fast at diskriminering p\u00e5 grunnlag av tilknytning til en nasjonal minoritet er forbudt.<\/p>\n<p style=\"text-align: justify;\">En nasjonal minoritet har bodd i landet i minst 100 \u00e5r. De nasjonale minoritetenes kulturarv er en del av den norske kulturarven. Myndighetene har derfor ansvar for \u00e5 ta vare p\u00e5 kulturarven og de kulturelle tradisjonene til minoritetene. Nasjonale minoriteter har rett til \u00e5 uttrykke, holde oppe og videreutvikle sin kultur, og de skal selv v\u00e6re med \u00e5 utforme tiltak som gjelder dem selv.<\/p>\n<p style=\"text-align: justify;\">I 1999, da Norge ratifiserte <a href=\"http:\/\/www.regjeringen.no\/nb\/dep\/fad\/tema\/nasjonale_minoriteter\/midtspalte\/europaradets-rammekonvensjon.html?id=86935\" target=\"_blank\">Europar\u00e5dets rammekonvensjon om beskyttelse av nasjonale minoriteter<\/a> fikk romanifolket status som<strong> <\/strong>nasjonal minoritet. Denne statusen fikk de ettersom de har v\u00e6rt en del av den norske befolkningen helt siden 1500-tallet, har en s\u00e6rskilt historisk bakgrunn, egne tradisjonelle ervervsm\u00e5ter (yrker) og et eget spr\u00e5k.<\/p>\n<p style=\"text-align: justify;\">I alt har vi fem nasjonale minoriteter i Norge:<\/p>\n<ul style=\"text-align: justify;\">\n<li><a href=\"\/?page_id=833\">J\u00f8der<\/a><\/li>\n<li><a href=\"\/?page_id=836\">Kvener<\/a><\/li>\n<li><a href=\"\/?page_id=841\">Rom (sig\u00f8ynere)<\/a><\/li>\n<li><a href=\"\/?page_id=1756 \">Skogfinner<\/a><\/li>\n<li>Romanifolket<\/li>\n<\/ul>\n<p style=\"text-align: justify;\"><strong>Samene<\/strong>\u00a0er et\u00a0<a href=\"\/?page_id=843\">urfolk<\/a>.<\/p>\n","protected":false},"author":7,"featured_media":0,"parent":9,"menu_order":1,"comment_status":"closed","ping_status":"open","template":"","meta":[],"_links":{"self":[{"href":"https:\/\/batreisende.no\/index.php?rest_route=\/wp\/v2\/pages\/483"}],"collection":[{"href":"https:\/\/batreisende.no\/index.php?rest_route=\/wp\/v2\/pages"}],"about":[{"href":"https:\/\/batreisende.no\/index.php?rest_route=\/wp\/v2\/types\/page"}],"author":[{"embeddable":true,"href":"https:\/\/batreisende.no\/index.php?rest_route=\/wp\/v2\/users\/7"}],"replies":[{"embeddable":true,"href":"https:\/\/batreisende.no\/index.php?rest_route=%2Fwp%2Fv2%2Fcomments&post=483"}],"version-history":[{"count":19,"href":"https:\/\/batreisende.no\/index.php?rest_route=\/wp\/v2\/pages\/483\/revisions"}],"predecessor-version":[{"id":1836,"href":"https:\/\/batreisende.no\/index.php?rest_route=\/wp\/v2\/pages\/483\/revisions\/1836"}],"up":[{"embeddable":true,"href":"https:\/\/batreisende.no\/index.php?rest_route=\/wp\/v2\/pages\/9"}],"wp:attachment":[{"href":"https:\/\/batreisende.no\/index.php?rest_route=%2Fwp%2Fv2%2Fmedia&parent=483"}],"curies":[{"name":"wp","href":"https:\/\/api.w.org\/{rel}","templated":true}]}}