{"id":1515,"date":"2010-06-15T12:07:30","date_gmt":"2010-06-15T12:07:30","guid":{"rendered":"http:\/\/haugalandmuseene.no\/dbr\/?page_id=1515"},"modified":"2010-06-28T13:49:09","modified_gmt":"2010-06-28T13:49:09","slug":"kartlegge-batreisendes-aktiviteter-i-n%c3%a6romradet","status":"publish","type":"page","link":"https:\/\/batreisende.no\/?page_id=1515","title":{"rendered":"Kartlegge b\u00e5treisendes aktiviteter i n\u00e6romr\u00e5det"},"content":{"rendered":"<p>Nettsiden gir kunnskap om de b\u00e5treisende langs hele vestlandskysten. En fin m\u00e5te \u00e5 l\u00e6re mer om temaet p\u00e5 er ved \u00e5 gi elevene i oppgave \u00e5 kartlegge hvor de b\u00e5treisende var i deres n\u00e6rmilj\u00f8. Kartet gir et godt utgangspunkt, med markeringer av hendelser og kulturminner tilknyttet de reisende. Deretter kan elever snakke med slektninger og andre som kan huske de reisende.<\/p>\n<p>Som nevnt under kartet, har vi registrert romanifolkets kulturminner i Nord-Rogaland. Dersom elever eller l\u00e6rere kommer over flere steder som b\u00f8r v\u00e6re med p\u00e5 vestlandskartet, ber vi dere ta kontakt med oss. Vi vil da oppdatere nettsidas kart.<\/p>\n","protected":false},"excerpt":{"rendered":"<p>Nettsiden gir kunnskap om de b\u00e5treisende langs hele vestlandskysten. En fin m\u00e5te \u00e5 l\u00e6re mer om temaet p\u00e5 er ved \u00e5 gi elevene i oppgave \u00e5 kartlegge hvor de b\u00e5treisende var i deres n\u00e6rmilj\u00f8. Kartet gir et godt utgangspunkt, med markeringer av hendelser og kulturminner tilknyttet de reisende. Deretter kan elever snakke med slektninger og andre som kan huske de reisende.<\/p>\n<p>Som nevnt under kartet, har vi registrert romanifolkets kulturminner i Nord-Rogaland. Dersom elever eller l\u00e6rere kommer over flere steder som b\u00f8r v\u00e6re med p\u00e5 vestlandskartet, ber vi dere ta kontakt med oss. Vi vil da oppdatere nettsidas kart.<\/p>\n","protected":false},"author":7,"featured_media":0,"parent":0,"menu_order":0,"comment_status":"closed","ping_status":"open","template":"","meta":[],"_links":{"self":[{"href":"https:\/\/batreisende.no\/index.php?rest_route=\/wp\/v2\/pages\/1515"}],"collection":[{"href":"https:\/\/batreisende.no\/index.php?rest_route=\/wp\/v2\/pages"}],"about":[{"href":"https:\/\/batreisende.no\/index.php?rest_route=\/wp\/v2\/types\/page"}],"author":[{"embeddable":true,"href":"https:\/\/batreisende.no\/index.php?rest_route=\/wp\/v2\/users\/7"}],"replies":[{"embeddable":true,"href":"https:\/\/batreisende.no\/index.php?rest_route=%2Fwp%2Fv2%2Fcomments&post=1515"}],"version-history":[{"count":3,"href":"https:\/\/batreisende.no\/index.php?rest_route=\/wp\/v2\/pages\/1515\/revisions"}],"predecessor-version":[{"id":1792,"href":"https:\/\/batreisende.no\/index.php?rest_route=\/wp\/v2\/pages\/1515\/revisions\/1792"}],"wp:attachment":[{"href":"https:\/\/batreisende.no\/index.php?rest_route=%2Fwp%2Fv2%2Fmedia&parent=1515"}],"curies":[{"name":"wp","href":"https:\/\/api.w.org\/{rel}","templated":true}]}}