{"id":1505,"date":"2010-06-15T11:51:57","date_gmt":"2010-06-15T11:51:57","guid":{"rendered":"http:\/\/haugalandmuseene.no\/dbr\/?page_id=1505"},"modified":"2010-06-29T12:08:13","modified_gmt":"2010-06-29T12:08:13","slug":"et-sensibelt-tema","status":"publish","type":"page","link":"https:\/\/batreisende.no\/?page_id=1505","title":{"rendered":"Om \u00e5 h\u00e5ndtere temaet"},"content":{"rendered":"<p>Historien til de b\u00e5treisende er et sensibelt tema. Dette er en ung historie, og det lever reisende over hele landet som har opplevd myndighetens overgrep og samfunnets nedlatende holdninger.<\/p>\n<p>Mange \u00f8nsker ikke \u00e5\u00a0tilkjennegi at de er av reisende slekt, mens andre har en mer \u00e5pen holdning.<\/p>\n<p>For mange er det vanskelig \u00e5 godta at de som tidligere har v\u00e6rt et ledd i undertrykkelsen, i dag \u00f8nsker \u00e5 fortelle sin historie som en viktig del av den norske kulturarven. Museer blir ofte likestilt med andre offentlige organer siden vi har hatt en rolle som formidlere og beskyttere av storsamfunnets historie.<\/p>\n<p>N\u00e5r man som l\u00e6rer snakker om temaet m\u00e5 man\u00a0huske p\u00e5 at temaet kan v\u00e6re sensibelt for enkeltpersoner, og det m\u00e5 behandles med respekt, forst\u00e5else\u00a0og varsomhet.<\/p>\n","protected":false},"excerpt":{"rendered":"<p>Historien til de b\u00e5treisende er et sensibelt tema. Dette er en ung historie, og det lever reisende over hele landet som har opplevd myndighetens overgrep og samfunnets nedlatende holdninger.<\/p>\n<p>Mange \u00f8nsker ikke \u00e5\u00a0tilkjennegi at de er av reisende slekt, mens andre har en mer \u00e5pen holdning.<\/p>\n<p>For mange er det vanskelig \u00e5 godta at de som tidligere har v\u00e6rt et ledd i undertrykkelsen, i dag \u00f8nsker \u00e5 fortelle sin historie som en viktig del av den norske kulturarven. Museer blir ofte likestilt med andre offentlige organer siden vi har hatt en rolle som formidlere og beskyttere av storsamfunnets historie.<\/p>\n<p>N\u00e5r man som l\u00e6rer snakker om temaet m\u00e5 man\u00a0huske p\u00e5 at temaet kan v\u00e6re sensibelt for enkeltpersoner, og det m\u00e5 behandles med respekt, forst\u00e5else\u00a0og varsomhet.<\/p>\n","protected":false},"author":7,"featured_media":0,"parent":39,"menu_order":1,"comment_status":"closed","ping_status":"open","template":"","meta":[],"_links":{"self":[{"href":"https:\/\/batreisende.no\/index.php?rest_route=\/wp\/v2\/pages\/1505"}],"collection":[{"href":"https:\/\/batreisende.no\/index.php?rest_route=\/wp\/v2\/pages"}],"about":[{"href":"https:\/\/batreisende.no\/index.php?rest_route=\/wp\/v2\/types\/page"}],"author":[{"embeddable":true,"href":"https:\/\/batreisende.no\/index.php?rest_route=\/wp\/v2\/users\/7"}],"replies":[{"embeddable":true,"href":"https:\/\/batreisende.no\/index.php?rest_route=%2Fwp%2Fv2%2Fcomments&post=1505"}],"version-history":[{"count":6,"href":"https:\/\/batreisende.no\/index.php?rest_route=\/wp\/v2\/pages\/1505\/revisions"}],"predecessor-version":[{"id":1832,"href":"https:\/\/batreisende.no\/index.php?rest_route=\/wp\/v2\/pages\/1505\/revisions\/1832"}],"up":[{"embeddable":true,"href":"https:\/\/batreisende.no\/index.php?rest_route=\/wp\/v2\/pages\/39"}],"wp:attachment":[{"href":"https:\/\/batreisende.no\/index.php?rest_route=%2Fwp%2Fv2%2Fmedia&parent=1505"}],"curies":[{"name":"wp","href":"https:\/\/api.w.org\/{rel}","templated":true}]}}