{"id":1411,"date":"2010-06-14T09:13:19","date_gmt":"2010-06-14T09:13:19","guid":{"rendered":"http:\/\/haugalandmuseene.no\/dbr\/?page_id=1411"},"modified":"2010-06-14T09:13:19","modified_gmt":"2010-06-14T09:13:19","slug":"tradarbeidere","status":"publish","type":"page","link":"https:\/\/batreisende.no\/?page_id=1411","title":{"rendered":"Tr\u00e5darbeidere"},"content":{"rendered":"<p>Tr\u00e5darbeid er arbeid med st\u00e5ltr\u00e5d. B\u00e5de kvinner og menn deltok i dette arbeidet. De kunne lage alt fra visper, kurver og fat, til gryteskrubber, st\u00f8velt\u00f8rkere, kleshengere og \u00f8redobber.<\/p>\n","protected":false},"excerpt":{"rendered":"<p>Tr\u00e5darbeid er arbeid med st\u00e5ltr\u00e5d. B\u00e5de kvinner og menn deltok i dette arbeidet. De kunne lage alt fra visper, kurver og fat, til gryteskrubber, st\u00f8velt\u00f8rkere, kleshengere og \u00f8redobber.<\/p>\n","protected":false},"author":7,"featured_media":0,"parent":0,"menu_order":0,"comment_status":"closed","ping_status":"open","template":"","meta":[],"_links":{"self":[{"href":"https:\/\/batreisende.no\/index.php?rest_route=\/wp\/v2\/pages\/1411"}],"collection":[{"href":"https:\/\/batreisende.no\/index.php?rest_route=\/wp\/v2\/pages"}],"about":[{"href":"https:\/\/batreisende.no\/index.php?rest_route=\/wp\/v2\/types\/page"}],"author":[{"embeddable":true,"href":"https:\/\/batreisende.no\/index.php?rest_route=\/wp\/v2\/users\/7"}],"replies":[{"embeddable":true,"href":"https:\/\/batreisende.no\/index.php?rest_route=%2Fwp%2Fv2%2Fcomments&post=1411"}],"version-history":[{"count":2,"href":"https:\/\/batreisende.no\/index.php?rest_route=\/wp\/v2\/pages\/1411\/revisions"}],"predecessor-version":[{"id":1413,"href":"https:\/\/batreisende.no\/index.php?rest_route=\/wp\/v2\/pages\/1411\/revisions\/1413"}],"wp:attachment":[{"href":"https:\/\/batreisende.no\/index.php?rest_route=%2Fwp%2Fv2%2Fmedia&parent=1411"}],"curies":[{"name":"wp","href":"https:\/\/api.w.org\/{rel}","templated":true}]}}