{"id":1333,"date":"2010-06-10T10:23:00","date_gmt":"2010-06-10T10:23:00","guid":{"rendered":"http:\/\/haugalandmuseene.no\/dbr\/?page_id=1333"},"modified":"2010-06-29T12:19:42","modified_gmt":"2010-06-29T12:19:42","slug":"de-reisende-i-dag","status":"publish","type":"page","link":"https:\/\/batreisende.no\/?page_id=1333","title":{"rendered":"De reisende i dag"},"content":{"rendered":"<p style=\"text-align: justify;\"><span lang=\"RU\"><span lang=\"RU\">De fleste reisende er i dag bofaste. Noen er p\u00e5 reise deler av \u00e5ret og driver med litt h\u00e5ndverk eller sm\u00e5handel. Reisingen foreg\u00e5r i dag mest med campingvogn <span lang=\"NO-BOK\">eller bobil<\/span><span lang=\"RU\">, men ogs\u00e5 litt med b\u00e5t. Selv om mange ikke reiser slik som f\u00f8r, er lysten til \u00e5 reise n\u00e5r v\u00e5ren kommer sterk hos de fleste. <\/span><\/span><span lang=\"RU\">\u00a0<\/span><\/span><\/p>\n<p style=\"text-align: justify;\">Mange reisende er medlemmer i ulike landsdekkende organisasjoner. Organisasjonene jobber for \u00f8kt aksept og bedre rettigheter samtidig som de virker som samlingspunkter og m\u00f8testeder.<\/p>\n<p style=\"text-align: justify;\">Myndighetene fors\u00f8ker ikke lenger \u00e5 \u00f8delegge eller endre de reisendes kultur. I<span lang=\"NO-BOK\">\u00a0dag har de status<\/span><span lang=\"RU\"> som en nasjonal minoritet. <\/span><span lang=\"NO-BOK\">De har dermed rett til<\/span><span lang=\"RU\"> \u00e5 bevare <\/span><span lang=\"NO-BOK\">si<\/span><span lang=\"RU\">n <\/span><span lang=\"NO-BOK\">egen<\/span><span lang=\"RU\"> kultur<\/span><span lang=\"NO-BOK\"> og sitt eget spr\u00e5k<\/span><span lang=\"RU\">. Det<\/span><span lang=\"NO-BOK\">te<\/span><span lang=\"RU\"> oppleves <\/span><span lang=\"NO-BOK\">som <\/span><span lang=\"RU\">vanskelig n\u00e5r samfunnet er lagt opp til bofasthet.\u3000 <\/span><\/p>\n<p style=\"text-align: justify;\">Samlingsstedene deres er ikke lenger tilgjengelige. \u00d8nsket om \u00e5 f\u00e5 egne steder der de kan treffe andre reisende, ut\u00f8ve sin egen kultur og formidle noe videre til kommende generasjoner st\u00e5r sterkt blant b\u00e5treisende. Mange foreldre uttrykker ogs\u00e5 et \u00f8nske om at barna skal f\u00e5 l\u00e6re romani p\u00e5 skolen. Spr\u00e5ket romani anses som en viktig del av de reisendes kultur, men det er stadig f\u00e6rre som mestrer spr\u00e5ket.<\/p>\n<p style=\"text-align: justify;\">\u00a0<\/p>\n<p>\u00a0<\/p>\n<p>\u00a0<\/p>\n<p><span style=\"font-family: Verdana; font-size: x-small;\">\u00a0<\/span><\/p>\n","protected":false},"excerpt":{"rendered":"<p style=\"text-align: justify;\"><span lang=\"RU\"><span lang=\"RU\">De fleste reisende er i dag bofaste. Noen er p\u00e5 reise deler av \u00e5ret og driver med litt h\u00e5ndverk eller sm\u00e5handel. Reisingen foreg\u00e5r i dag mest med campingvogn <span lang=\"NO-BOK\">eller bobil<\/span><span lang=\"RU\">, men ogs\u00e5 litt med b\u00e5t. Selv om mange ikke reiser slik som f\u00f8r, er lysten til \u00e5 reise n\u00e5r v\u00e5ren kommer sterk hos de fleste. <\/span><\/span><span lang=\"RU\">\u00a0<\/span><\/span><\/p>\n<p style=\"text-align: justify;\">Mange reisende er medlemmer i ulike landsdekkende organisasjoner. Organisasjonene jobber for \u00f8kt aksept og bedre rettigheter samtidig som de virker som samlingspunkter og m\u00f8testeder.<\/p>\n<p style=\"text-align: justify;\">Myndighetene fors\u00f8ker ikke lenger \u00e5 \u00f8delegge eller endre de reisendes kultur. I<span lang=\"NO-BOK\">\u00a0dag har de status<\/span><span lang=\"RU\"> som en nasjonal minoritet. <\/span><span lang=\"NO-BOK\">De har dermed rett til<\/span><span lang=\"RU\"> \u00e5 bevare <\/span><span lang=\"NO-BOK\">si<\/span><span lang=\"RU\">n <\/span><span lang=\"NO-BOK\">egen<\/span><span lang=\"RU\"> kultur<\/span><span lang=\"NO-BOK\"> og sitt eget spr\u00e5k<\/span><span lang=\"RU\">. Det<\/span><span lang=\"NO-BOK\">te<\/span><span lang=\"RU\"> oppleves <\/span><span lang=\"NO-BOK\">som <\/span><span lang=\"RU\">vanskelig n\u00e5r samfunnet er lagt opp til bofasthet.\u3000 <\/span><\/p>\n<p style=\"text-align: justify;\">Samlingsstedene deres er ikke lenger tilgjengelige. \u00d8nsket om \u00e5 f\u00e5 egne steder der de kan treffe andre reisende, ut\u00f8ve sin egen kultur og formidle noe videre til kommende generasjoner st\u00e5r sterkt blant b\u00e5treisende. Mange foreldre uttrykker ogs\u00e5 et \u00f8nske om at barna skal f\u00e5 l\u00e6re romani p\u00e5 skolen. Spr\u00e5ket romani anses som en viktig del av de reisendes kultur, men det er stadig f\u00e6rre som mestrer spr\u00e5ket.<\/p>\n<p style=\"text-align: justify;\">\u00a0<\/p>\n<p>\u00a0<\/p>\n<p>\u00a0<\/p>\n<p><span style=\"font-family: Verdana; font-size: x-small;\">\u00a0<\/span><\/p>\n","protected":false},"author":7,"featured_media":0,"parent":9,"menu_order":5,"comment_status":"closed","ping_status":"open","template":"","meta":[],"_links":{"self":[{"href":"https:\/\/batreisende.no\/index.php?rest_route=\/wp\/v2\/pages\/1333"}],"collection":[{"href":"https:\/\/batreisende.no\/index.php?rest_route=\/wp\/v2\/pages"}],"about":[{"href":"https:\/\/batreisende.no\/index.php?rest_route=\/wp\/v2\/types\/page"}],"author":[{"embeddable":true,"href":"https:\/\/batreisende.no\/index.php?rest_route=\/wp\/v2\/users\/7"}],"replies":[{"embeddable":true,"href":"https:\/\/batreisende.no\/index.php?rest_route=%2Fwp%2Fv2%2Fcomments&post=1333"}],"version-history":[{"count":7,"href":"https:\/\/batreisende.no\/index.php?rest_route=\/wp\/v2\/pages\/1333\/revisions"}],"predecessor-version":[{"id":1779,"href":"https:\/\/batreisende.no\/index.php?rest_route=\/wp\/v2\/pages\/1333\/revisions\/1779"}],"up":[{"embeddable":true,"href":"https:\/\/batreisende.no\/index.php?rest_route=\/wp\/v2\/pages\/9"}],"wp:attachment":[{"href":"https:\/\/batreisende.no\/index.php?rest_route=%2Fwp%2Fv2%2Fmedia&parent=1333"}],"curies":[{"name":"wp","href":"https:\/\/api.w.org\/{rel}","templated":true}]}}