{"id":11,"date":"2009-04-28T10:50:29","date_gmt":"2009-04-28T08:50:29","guid":{"rendered":"http:\/\/haugalandmuseene.no\/dbr\/?page_id=11"},"modified":"2011-06-14T11:21:06","modified_gmt":"2011-06-14T11:21:06","slug":"reiseruter","status":"publish","type":"page","link":"https:\/\/batreisende.no\/?page_id=11","title":{"rendered":"Reiseruter og kulturminner"},"content":{"rendered":"<div class=\"gm-map\" style=\"position: relative;height: 200px; width: 200px;\"><iframe name=\"gm-map-1\" allowfullscreen src=\"https:\/\/batreisende.no\/?geo_mashup_content=render-map&amp;map_data_key=307763f49437a360658268d6e1b88780&amp;name=gm-map-1&amp;map_content=contextual&amp;error_comment=&lt;!-- Geo Mashup found no objects to map in this context--&gt;\" style=\"position: absolute; top: 0; left: 0; width: 100%; height: 100%; border: none; overflow: hidden;\"><\/iframe><\/div>\n<p>I 2006 og 2007\u00a0registrerte Haugalandmuseene kulturminner og kulturmilj\u00f8er\u00a0knyttet til de b\u00e5treisende i kommunene Tysv\u00e6r, Vindafjord, Utsira, Haugesund, Karm\u00f8y og Bokn. V\u00e5ren 2011 startet Haugalandmuseene et nytt registreringsarbeid, denne gang i kommunene, L\u00e6rdal, Sogndal, Leikanger, Balestrand og Vik. De registrerte kulturminnene er tatt med i kartet. Opphopingen med punkter i disse kommunene betyr alts\u00e5 ikke at aktiviteten har v\u00e6rt h\u00f8yere her enn i resten av landet. Det er all grunn til \u00e5 tro at antallet kulturminner og -milj\u00f8er er forholdsvis likt fordelt langs kysten.<\/p>\n","protected":false},"excerpt":{"rendered":"[geo_mashup_map]\n<p>I 2006 og 2007\u00a0registrerte Haugalandmuseene kulturminner og kulturmilj\u00f8er\u00a0knyttet til de b\u00e5treisende i kommunene Tysv\u00e6r, Vindafjord, Utsira, Haugesund, Karm\u00f8y og Bokn. De registrerte kulturminnene er tatt med i kartet. Opphopingen med punkter i disse kommunene betyr alts\u00e5 ikke at aktiviteten har v\u00e6rt h\u00f8yere her enn i resten av landet. Det er all grunn til \u00e5 tro at antallet kulturminner og -milj\u00f8er er forholdsvis likt fordelt langs kysten.<\/p>\n","protected":false},"author":1,"featured_media":0,"parent":0,"menu_order":0,"comment_status":"open","ping_status":"open","template":"","meta":[],"_links":{"self":[{"href":"https:\/\/batreisende.no\/index.php?rest_route=\/wp\/v2\/pages\/11"}],"collection":[{"href":"https:\/\/batreisende.no\/index.php?rest_route=\/wp\/v2\/pages"}],"about":[{"href":"https:\/\/batreisende.no\/index.php?rest_route=\/wp\/v2\/types\/page"}],"author":[{"embeddable":true,"href":"https:\/\/batreisende.no\/index.php?rest_route=\/wp\/v2\/users\/1"}],"replies":[{"embeddable":true,"href":"https:\/\/batreisende.no\/index.php?rest_route=%2Fwp%2Fv2%2Fcomments&post=11"}],"version-history":[{"count":25,"href":"https:\/\/batreisende.no\/index.php?rest_route=\/wp\/v2\/pages\/11\/revisions"}],"predecessor-version":[{"id":50,"href":"https:\/\/batreisende.no\/index.php?rest_route=\/wp\/v2\/pages\/11\/revisions\/50"}],"wp:attachment":[{"href":"https:\/\/batreisende.no\/index.php?rest_route=%2Fwp%2Fv2%2Fmedia&parent=11"}],"curies":[{"name":"wp","href":"https:\/\/api.w.org\/{rel}","templated":true}]}}