{"id":2124,"date":"2010-11-26T09:27:33","date_gmt":"2010-11-26T09:27:33","guid":{"rendered":"http:\/\/batreisende.no\/?page_id=2124"},"modified":"2010-11-26T09:30:01","modified_gmt":"2010-11-26T09:30:01","slug":"norsk-oversettelse-av-romano-rakloromanijibb","status":"publish","type":"page","link":"http:\/\/batreisende.no\/?page_id=2124","title":{"rendered":"Romano Raklo\/Romanijibb &#8211; oversatt til norsk"},"content":{"rendered":"<p>1. vers<\/p>\n<p>Jeg synge en liten ekte sang.<br \/>\nDet alene om oss reisende etter veien g\u00e5r.<br \/>\nJa , mange kommer kj\u00f8rende med vogn og med hest.<br \/>\nOg mange g\u00e5r p\u00e5 f\u00f8ttene over dal og hei.<\/p>\n<p>Ref.<\/p>\n<p>Hei, reisende gutt har reisende jente.<br \/>\nHei, reisende gutt setter lua p\u00e5 snei.<br \/>\nHei, reisende gutt har reisende jente.<br \/>\nHei, reisende gutt setter lua p\u00e5 snei.<\/p>\n<p>2. vers.<\/p>\n<p>Mi jente er vakker med kj\u00e6rlighet, med det alene.<br \/>\nFor hun stammer fra ekte reisende.<br \/>\nHun har fine \u00f8yne og vakkert svart h\u00e5r.<br \/>\nHun g\u00e5r med meg s\u00e5 lett over li og dal.<\/p>\n<p>Ref.<\/p>\n<p>Hei, reisende gutt har reisende jente.<br \/>\nHei, reisende gutt setter lua p\u00e5 snei.<br \/>\nHei, reisende gutt har reisende jente.<br \/>\nHei, reisende gutt setter lua p\u00e5 snei.<\/p>\n<p>3. vers<\/p>\n<p>Vi g\u00e5r inn i skogen og setter kaffen p\u00e5.<br \/>\nDer ler vi \u00e5 snakker fint om vogn og hest.<br \/>\nS\u00e5 ante Dolle den fastboende gamle mann,<br \/>\nmed bil og kone.<br \/>\nMen mannen ser pisk og l\u00f8per sin vei.<\/p>\n<p>Ref.<\/p>\n","protected":false},"excerpt":{"rendered":"<p>1. vers Jeg synge en liten ekte sang. Det alene om oss reisende etter veien g\u00e5r. Ja , mange kommer kj\u00f8rende med vogn og med hest. Og mange g\u00e5r p\u00e5 f\u00f8ttene over dal og hei. Ref. Hei, reisende gutt har reisende jente. Hei, reisende gutt setter lua p\u00e5 snei. Hei, reisende gutt har reisende jente. [&hellip;]<\/p>\n","protected":false},"author":7,"featured_media":0,"parent":0,"menu_order":0,"comment_status":"closed","ping_status":"open","template":"","meta":[],"_links":{"self":[{"href":"http:\/\/batreisende.no\/index.php?rest_route=\/wp\/v2\/pages\/2124"}],"collection":[{"href":"http:\/\/batreisende.no\/index.php?rest_route=\/wp\/v2\/pages"}],"about":[{"href":"http:\/\/batreisende.no\/index.php?rest_route=\/wp\/v2\/types\/page"}],"author":[{"embeddable":true,"href":"http:\/\/batreisende.no\/index.php?rest_route=\/wp\/v2\/users\/7"}],"replies":[{"embeddable":true,"href":"http:\/\/batreisende.no\/index.php?rest_route=%2Fwp%2Fv2%2Fcomments&post=2124"}],"version-history":[{"count":2,"href":"http:\/\/batreisende.no\/index.php?rest_route=\/wp\/v2\/pages\/2124\/revisions"}],"predecessor-version":[{"id":2127,"href":"http:\/\/batreisende.no\/index.php?rest_route=\/wp\/v2\/pages\/2124\/revisions\/2127"}],"wp:attachment":[{"href":"http:\/\/batreisende.no\/index.php?rest_route=%2Fwp%2Fv2%2Fmedia&parent=2124"}],"curies":[{"name":"wp","href":"https:\/\/api.w.org\/{rel}","templated":true}]}}