{"id":1520,"date":"2010-06-15T12:26:44","date_gmt":"2010-06-15T12:26:44","guid":{"rendered":"http:\/\/haugalandmuseene.no\/dbr\/?page_id=1520"},"modified":"2010-06-28T13:55:56","modified_gmt":"2010-06-28T13:55:56","slug":"rollespill","status":"publish","type":"page","link":"http:\/\/batreisende.no\/?page_id=1520","title":{"rendered":"Rollespill"},"content":{"rendered":"<p>Temaet egner seg godt for rollespill.\u00a0Bruk gjerne nettstedet til inspirasjon for \u00e5 finne spennende temaer. Vi anbefaler en vinkling mot det positive i de reisendes kultur og livvstil.<\/p>\n<p>Forslag til situasjoner kan v\u00e6re m\u00f8tet mellom g\u00e5rdsfolk og et f\u00f8lge reisende som selger sm\u00e5 nyttegjenstander i en liten koffert. Kofferten er full av spennende ting. Kanskje sp\u00f8r de reisende ogs\u00e5 om husly for natten?<\/p>\n<p>En annen\u00a0situasjon kan v\u00e6re\u00a0b\u00e5treisendes m\u00f8te med andre b\u00e5treisende p\u00e5 ei \u00f8y som er kjent for \u00e5 v\u00e6re overnattings- og m\u00f8teplass.<\/p>\n","protected":false},"excerpt":{"rendered":"<p>Temaet egner seg godt for rollespill.\u00a0Bruk gjerne nettstedet til inspirasjon for \u00e5 finne spennende temaer. Vi anbefaler en vinkling mot det positive i de reisendes kultur og livvstil.<\/p>\n<p>Forslag til situasjoner kan v\u00e6re m\u00f8tet mellom g\u00e5rdsfolk og et f\u00f8lge reisende som selger sm\u00e5 nyttegjenstander i en liten koffert. Kofferten er full av spennende ting. Kanskje sp\u00f8r de reisende ogs\u00e5 om husly for natten?<\/p>\n<p>En annen\u00a0situasjon kan v\u00e6re\u00a0b\u00e5treisendes m\u00f8te med andre b\u00e5treisende p\u00e5 ei \u00f8y som er kjent for \u00e5 v\u00e6re overnattings- og m\u00f8teplass.<\/p>\n","protected":false},"author":7,"featured_media":0,"parent":0,"menu_order":0,"comment_status":"closed","ping_status":"open","template":"","meta":[],"_links":{"self":[{"href":"http:\/\/batreisende.no\/index.php?rest_route=\/wp\/v2\/pages\/1520"}],"collection":[{"href":"http:\/\/batreisende.no\/index.php?rest_route=\/wp\/v2\/pages"}],"about":[{"href":"http:\/\/batreisende.no\/index.php?rest_route=\/wp\/v2\/types\/page"}],"author":[{"embeddable":true,"href":"http:\/\/batreisende.no\/index.php?rest_route=\/wp\/v2\/users\/7"}],"replies":[{"embeddable":true,"href":"http:\/\/batreisende.no\/index.php?rest_route=%2Fwp%2Fv2%2Fcomments&post=1520"}],"version-history":[{"count":4,"href":"http:\/\/batreisende.no\/index.php?rest_route=\/wp\/v2\/pages\/1520\/revisions"}],"predecessor-version":[{"id":1796,"href":"http:\/\/batreisende.no\/index.php?rest_route=\/wp\/v2\/pages\/1520\/revisions\/1796"}],"wp:attachment":[{"href":"http:\/\/batreisende.no\/index.php?rest_route=%2Fwp%2Fv2%2Fmedia&parent=1520"}],"curies":[{"name":"wp","href":"https:\/\/api.w.org\/{rel}","templated":true}]}}