{"id":1401,"date":"2010-06-14T08:33:34","date_gmt":"2010-06-14T08:33:34","guid":{"rendered":"http:\/\/haugalandmuseene.no\/dbr\/?page_id=1401"},"modified":"2010-06-14T08:33:34","modified_gmt":"2010-06-14T08:33:34","slug":"smeder","status":"publish","type":"page","link":"http:\/\/batreisende.no\/?page_id=1401","title":{"rendered":"Smeder"},"content":{"rendered":"<p>Mange reisende var dyktige smeder. De kunne smi gjenstander av gammelt s\u00f8lv eller s\u00e5kalt nys\u00f8lv (legering av kobber, nikkel og sink), av messing eller av kobber. Nys\u00f8lv var spesielt godt egnet til dekorative gjenstander.<\/p>\n<p>P\u00e5 produksjonslista stod bruks- og pyntegjenstander som for eksempel kaffeutstyr, lysestaker, fat, b\u00f8tter, fotorammer og sakser.<\/p>\n<p>Akkurat som med knivene deltok noen reisende p\u00e5 utstillinger med sine nys\u00f8lvarbeider, og fikk diplom for arbeidene sine.<\/p>\n","protected":false},"excerpt":{"rendered":"<p>Mange reisende var dyktige smeder. De kunne smi gjenstander av gammelt s\u00f8lv eller s\u00e5kalt nys\u00f8lv (legering av kobber, nikkel og sink), av messing eller av kobber. Nys\u00f8lv var spesielt godt egnet til dekorative gjenstander.<\/p>\n<p>P\u00e5 produksjonslista stod bruks- og pyntegjenstander som for eksempel kaffeutstyr, lysestaker, fat, b\u00f8tter, fotorammer og sakser.<\/p>\n<p>Akkurat som med knivene deltok noen reisende p\u00e5 utstillinger med sine nys\u00f8lvarbeider, og fikk diplom for arbeidene sine.<\/p>\n","protected":false},"author":7,"featured_media":0,"parent":0,"menu_order":0,"comment_status":"closed","ping_status":"open","template":"","meta":[],"_links":{"self":[{"href":"http:\/\/batreisende.no\/index.php?rest_route=\/wp\/v2\/pages\/1401"}],"collection":[{"href":"http:\/\/batreisende.no\/index.php?rest_route=\/wp\/v2\/pages"}],"about":[{"href":"http:\/\/batreisende.no\/index.php?rest_route=\/wp\/v2\/types\/page"}],"author":[{"embeddable":true,"href":"http:\/\/batreisende.no\/index.php?rest_route=\/wp\/v2\/users\/7"}],"replies":[{"embeddable":true,"href":"http:\/\/batreisende.no\/index.php?rest_route=%2Fwp%2Fv2%2Fcomments&post=1401"}],"version-history":[{"count":2,"href":"http:\/\/batreisende.no\/index.php?rest_route=\/wp\/v2\/pages\/1401\/revisions"}],"predecessor-version":[{"id":1405,"href":"http:\/\/batreisende.no\/index.php?rest_route=\/wp\/v2\/pages\/1401\/revisions\/1405"}],"wp:attachment":[{"href":"http:\/\/batreisende.no\/index.php?rest_route=%2Fwp%2Fv2%2Fmedia&parent=1401"}],"curies":[{"name":"wp","href":"https:\/\/api.w.org\/{rel}","templated":true}]}}