{"id":1063,"date":"2010-04-22T11:17:36","date_gmt":"2010-04-22T11:17:36","guid":{"rendered":"http:\/\/haugalandmuseene.no\/dbr\/?page_id=1063"},"modified":"2010-06-28T12:38:18","modified_gmt":"2010-06-28T12:38:18","slug":"ambrosius-og-brusene","status":"publish","type":"page","link":"http:\/\/batreisende.no\/?page_id=1063","title":{"rendered":"Ambrosius og Brusene"},"content":{"rendered":"<p>Ambrosius er stamfaren for de s\u00e5kalte <em>Brusene<\/em>. De reiste\u00a0p\u00e5 S\u00f8rlandet p\u00e5 begynnelsen av 1900-tallet. Ambrosius fikk\u00a0fem-seks s\u00f8nner som skaffet seg egne b\u00e5ter. Det var litt av et syn n\u00e5r\u00a0seks-sju b\u00e5ter seilte etter hverandre med Ambrosius i tet.\u00a0 Han og kona, Lena, hadde det alltid rent og trivelig i b\u00e5ten, med plysjm\u00f8bler i salongen.<\/p>\n<p>Legenden vil ha det til at Ambrosius var en riking og at han tapetserte lugaren i b\u00e5ten med pengesedler! P\u00e5 sine eldre dager fikk Ambrosius nok av b\u00e5tlivet. Han valgte seg dermed ut et passelig hus. Da han skulle betale for huset med pengesedlene, sies det at de hang fast i veggen.<\/p>\n<p>Ambrosius var fryktet og elsket, og han var en fargeklatt i milj\u00f8et langs kysten.<\/p>\n","protected":false},"excerpt":{"rendered":"<p>Ambrosius er stamfaren for de s\u00e5kalte <em>Brusene<\/em>. De reiste\u00a0p\u00e5 S\u00f8rlandet p\u00e5 begynnelsen av 1900-tallet. Ambrosius fikk\u00a0fem-seks s\u00f8nner som skaffet seg egne b\u00e5ter. Det var litt av et syn n\u00e5r\u00a0seks-sju b\u00e5ter seilte etter hverandre med Ambrosius i tet.\u00a0 Han og kona, Lena, hadde det alltid rent og trivelig i b\u00e5ten, med plysjm\u00f8bler i salongen.<\/p>\n<p>Legenden vil ha det til at Ambrosius var en riking og at han tapetserte lugaren i b\u00e5ten med pengesedler! P\u00e5 sine eldre dager fikk Ambrosius nok av b\u00e5tlivet. Han valgte seg dermed ut et passelig hus. Da han skulle betale for huset med pengesedlene, sies det at de hang fast i veggen.<\/p>\n<p>Ambrosius var fryktet og elsket, og han var en fargeklatt i milj\u00f8et langs kysten.<\/p>\n","protected":false},"author":7,"featured_media":0,"parent":0,"menu_order":0,"comment_status":"closed","ping_status":"open","template":"","meta":[],"_links":{"self":[{"href":"http:\/\/batreisende.no\/index.php?rest_route=\/wp\/v2\/pages\/1063"}],"collection":[{"href":"http:\/\/batreisende.no\/index.php?rest_route=\/wp\/v2\/pages"}],"about":[{"href":"http:\/\/batreisende.no\/index.php?rest_route=\/wp\/v2\/types\/page"}],"author":[{"embeddable":true,"href":"http:\/\/batreisende.no\/index.php?rest_route=\/wp\/v2\/users\/7"}],"replies":[{"embeddable":true,"href":"http:\/\/batreisende.no\/index.php?rest_route=%2Fwp%2Fv2%2Fcomments&post=1063"}],"version-history":[{"count":8,"href":"http:\/\/batreisende.no\/index.php?rest_route=\/wp\/v2\/pages\/1063\/revisions"}],"predecessor-version":[{"id":1065,"href":"http:\/\/batreisende.no\/index.php?rest_route=\/wp\/v2\/pages\/1063\/revisions\/1065"}],"wp:attachment":[{"href":"http:\/\/batreisende.no\/index.php?rest_route=%2Fwp%2Fv2%2Fmedia&parent=1063"}],"curies":[{"name":"wp","href":"https:\/\/api.w.org\/{rel}","templated":true}]}}

<p>Ambrosius er stamfaren for de såkalte <em>Brusene</em>. De reiste på Sørlandet på begynnelsen av 1900-tallet. Ambrosius fikk fem-seks sønner som skaffet seg egne båter. Det var litt av et syn når seks-sju båter seilte etter hverandre med Ambrosius i tet.  Han og kona, Lena, hadde det alltid rent og trivelig i båten, med plysjmøbler i salongen.</p>
<p>Legenden vil ha det til at Ambrosius var en riking og at han tapetserte lugaren i båten med pengesedler! På sine eldre dager fikk Ambrosius nok av båtlivet. Han valgte seg dermed ut et passelig hus. Da han skulle betale for huset med pengesedlene, sies det at de hang fast i veggen.</p>
<p>Ambrosius var fryktet og elsket, og han var en fargeklatt i miljøet langs kysten.</p>
